-44)/(-6) + 9/(-27). What is the units digit of o(w)?
7
Let z = -124 + 235. What is the units digit of z?
1
Suppose 7*f + 645 = 12*f. What is the tens digit of f?
2
Suppose -2*t + 2*g + 0*g + 4 = 0, -12 = -3*t + 5*g. Let i be t - (-1 - 2/(-1)). What is the units digit of (6/i)/((-2)/12)?
8
Suppose 14*f - 4741 = 8265. What is the tens digit of f?
2
Let x(b) = 11*b**2 - 2. Let f(l) = -l**3 - l**2 + 2*l - 4. Let o be f(-3). Suppose -a - s + 4 = 0, -s = -5*s + o. What is the units digit of x(a)?
2
Suppose 421*a - 7147 = 414*a. What is the units digit of a?
1
Let g = 1402 + -533. What is the tens digit of g?
6
Suppose 3*x = x - 14. Let t = x + 3. What is the units digit of (-26)/t*4 - 2?
4
Suppose 0 = -14*d + 12*d - 160. Let c be d/32 + 3/(-2). What is the units digit of c/14 - (-4536)/98?
6
Let s = -94 - -150. Let m = s + 2. Suppose d = 2*d - m. What is the units digit of d?
8
Let s = -332 - -1033. What is the hundreds digit of s?
7
Suppose 0 = -g + r + 32, 2*g - 3*r = 2*r + 64. Suppose g = -o + 2*o. What is the units digit of o?
2
Suppose -2*b + 52 = -4*x + 14, 2*x + 3*b + 31 = 0. Let r(a) = -a**3 - 12*a**2 - 13*a + 15. What is the tens digit of r(x)?
3
Let k(d) = -2*d + 30. Let m be k(13). Let o be m*(-2 - 15/(-6)). What is the units digit of (-3)/(6/o) - -40?
9
Suppose 4*o - 2*c - 777 - 5593 = 0, -o - 5*c + 1609 = 0. What is the hundreds digit of o?
5
Suppose -4*m - 1 = 3. Let n be -7*(m + (-3)/(-21)). Suppose -4 = -5*v + n. What is the units digit of v?
2
Let y = -314 - -468. Suppose 2*j - 200 = -3*b, -3*j - y = -3*b + 56. Suppose -h = 3*h - b. What is the tens digit of h?
1
Let p = 62 + -55. Suppose -10*w + p*w = -153. What is the units digit of w?
1
Let r(b) = b + 3. Let q be r(0). Suppose -73 = -3*l + 2*z, -q*l - 27 = -3*z - 102. What is the units digit of l?
3
Suppose -6*h - 125 = 361. What is the hundreds digit of (204/(-7))/(-4 + h/(-21))?
2
Let n = -159 - -114. What is the units digit of (n/12)/(33/(-2596))?
5
Suppose 3*j - 4*j + 502 = -3*u, -j = 5*u - 534. What is the units digit of j?
4
Suppose 4*h - 5*a - 5129 = 0, -a = 2*h - 4*h + 2563. What is the hundreds digit of h?
2
Let v(h) = h**2 + h + 3. Let x be (-6)/(3 - 1) + 17. Let n be (-3)/(-2) + (-105)/x. What is the tens digit of v(n)?
3
Suppose -493 = -5*l - 0*m + 4*m, 410 = 4*l + 2*m. What is the units digit of l?
1
Let v(n) = n**3 + 16*n**2 + 8*n + 2. What is the hundreds digit of v(-15)?
1
Suppose -2*d = i + 42, 0 = -5*i + d + 10 - 198. Let b = i - -42. Suppose -4 = b*f, 5*f = -j + 57 - 2. What is the units digit of j?
0
Let f(x) = x**3 + 7*x**2 + 4. Let j = 27 + -52. Let r = j - -19. What is the tens digit of f(r)?
4
Suppose -z = 2*h - 1527, 3*h - 12 = 7*h. What is the thousands digit of z?
1
Suppose -6*r = r + 546. What is the tens digit of 1/2*r/(-3)?
1
Let w(f) = 41*f + 778. What is the units digit of w(-12)?
6
Suppose 13*r - 81 = 127. What is the tens digit of 12/r + 1428/16?
9
Let r(i) = 2*i**2 + 26*i - 43. What is the thousands digit of r(20)?
1
What is the units digit of ((-4)/3)/((-12)/1728)?
2
Suppose -7*t = -238 - 105. Suppose u = -a - 10 + t, 2*u + 45 = a. What is the units digit of a?
1
Suppose 3027 = 5*r + i, 2*r + 0*i = 3*i + 1204. What is the tens digit of r?
0
Let p be 28/8 - 2/4. Let q = 80 + -77. Suppose q*k = i + 11, 3*i + k - p*k = -5. What is the units digit of i?
1
Let s(g) be the first derivative of -g**4/4 - 2*g**3 + 2*g**2 - 3*g + 1. Let w = -160 - -153. What is the units digit of s(w)?
8
Let w(s) = s**3 - s**2 + 7. Let z = 12 - 12. Let h be w(z). Let g(l) = l**3 - 8*l**2 + 7*l + 4. What is the units digit of g(h)?
4
Let q = 2746 + -1216. What is the thousands digit of q?
1
Let o(y) be the first derivative of 10*y**2 - 5*y - 2. Let z be o(-7). Let s = -89 - z. What is the units digit of s?
6
Suppose -5*x + 1490 = 3*d - 0*d, -2*d + 298 = x. What is the tens digit of x?
9
Let c(g) = g**3 + 33*g**2 - 11*g + 33. What is the thousands digit of c(-32)?
1
Let q = -2130 - -3055. What is the hundreds digit of q?
9
Let d = -54 + 437. What is the tens digit of d?
8
Let o(r) be the first derivative of -r**4/4 + 2*r**3 + 2*r**2 - 6*r - 4. Let t be o(6). Let n = 21 - t. What is the units digit of n?
3
Let t = 249 - 70. What is the units digit of t?
9
Suppose -14*q + 10*q = -2*x - 4644, -2*x + 2322 = 2*q. What is the tens digit of q?
6
Suppose 2*z - 273 = -5*m, 18 = 3*m + z - 146. Let y = m - 15. What is the tens digit of y?
4
Let w(d) be the third derivative of d**5/20 + d**4/12 + d**2. Let x be w(-2). What is the tens digit of 74/x + (-18)/(-24)?
1
Suppose 132*h = 241640 + 86908. What is the hundreds digit of h?
4
Suppose -5*b = 3*f + 413 - 2558, 4*f + 832 = 2*b. What is the tens digit of b?
2
What is the tens digit of 13 + -2 + 393 + (1 - 0)?
0
Let c = 30 - 43. Let i be ((-6)/3)/(-2)*29. Let w = c + i. What is the units digit of w?
6
Let j be (-70)/28*(-36)/5. Suppose j + 19 = g. What is the units digit of g?
7
Suppose 0 = -5*s - 1 + 21. Let y = -1 + s. Suppose -m - 6 = -5*o, y*m - o - 42 = -6*o. What is the units digit of m?
9
Let c = 14 + -5. Let l be 6/(-4)*12/c. What is the units digit of (-117)/(-5) + l/5?
3
Let q be 61/7 + 12/42. Let v(p) be the second derivative of p**3/2 + p**2 - 44*p. What is the tens digit of v(q)?
2
Let i = -20 + 23. Suppose i*n = 60 + 42. What is the tens digit of n?
3
Let b(t) be the first derivative of -t**2/2 + t - 4. Let x be 31/(-4) - (-2)/(-8). What is the units digit of b(x)?
9
Let u(j) = j**2 - 5*j - 15. Let o be u(7). What is the tens digit of (16 + o)/((-11)/(-77))?
0
Let v be (2 - 0)*10/4. Let f be 1*-5 + (-10)/(-5). Let q = v - f. What is the units digit of q?
8
Let i be 20/5 + 20/(-2). Let d be i/(-1) - 9/9. What is the tens digit of (-5425)/(-125) - 2/d?
4
Suppose -2*o = -o - 32. Suppose -6*w = -2*w - 2*s + 68, -2*w + 2*s = o. What is the units digit of (-120)/w*54/15?
4
Let n be (-1 - 0)*(4 + 0). Let z(x) = -3 - 2 + 7*x - 22*x + 2*x. What is the tens digit of z(n)?
4
Suppose 1395 = 20*a - 7365. What is the hundreds digit of a?
4
Let v(y) = 4*y**2 + 5*y + 50. What is the units digit of v(-10)?
0
Let m = -96 - 136. Let a = 348 + m. What is the hundreds digit of a?
1
Let p = 66 - 70. What is the hundreds digit of 256 + (-2)/(p - -6)*2?
2
Suppose 4*r - 23*l - 539 = -28*l, -4*l = 4*r - 540. What is the hundreds digit of r?
1
Let m(c) = -265*c + 831. What is the hundreds digit of m(-6)?
4
Suppose 0 = -37*s + 49*s - 49428. What is the hundreds digit of s?
1
Let p(d) = -5*d + 10. Let q be p(2). Suppose q = -2*w + 45 + 23. What is the units digit of w?
4
Let w(c) = 34*c**2 + 1. What is the tens digit of w(-1)?
3
Suppose 6*t - 1869 = 261. What is the tens digit of t?
5
Suppose 0 = -2*h - 60 - 28. Let n = h + 26. What is the units digit of ((-9)/4)/(n/48)?
6
Let i(v) = 106*v - 93. What is the units digit of i(4)?
1
Suppose -2 = i - 2*i, 0 = -2*x - 2*i + 8. Suppose 3*k - 307 = 5*y + 544, x*y = -8. What is the hundreds digit of k?
2
Suppose 1080 = 15*k - 10*k. Suppose -k = -4*c + 104. What is the units digit of c?
0
Let q = -17 - -22. Suppose 390 - 25 = q*t. What is the tens digit of t?
7
Suppose a = 2*a - 1496. Suppose a = 10*z + z. What is the hundreds digit of z?
1
Let d(s) = s**2 - 64*s - 30. What is the hundreds digit of d(-22)?
8
Let v(k) = -k**2 + 17*k - 38. What is the tens digit of v(6)?
2
Suppose 0 = -4*r - 0*r + 20. Suppose 0 = 5*h - r*b - 405, -5*h + 2*b = b - 413. What is the units digit of h?
3
Let z = -1602 - -5557. What is the units digit of z?
5
Let x(p) = 4*p + 10. Let w be x(5). Let u be w/((63/12)/7). Suppose 2*b - 78 = -2*b - 3*y, 0 = 2*b + y - u. What is the units digit of b?
1
Let f(v) = v**3 - 6*v**2 + 10*v - 4. Let t be f(6). Let b = t - -11. What is the tens digit of b?
6
Let b(c) = 19*c**2 + 4*c + 4. Suppose -9*k + 0 - 36 = 0. Let u be k - -2*(-15)/(-10). What is the tens digit of b(u)?
1
What is the hundreds digit of (10 + (-576)/60)*5210/4?
5
Let l = 12 + -19. Let v = 31 - l. What is the units digit of v?
8
Let y = 11 - 4. Suppose -y*g = -10*g - 6. What is the tens digit of 51/(-2)*g/3?
1
Suppose o = 5*h + 7, -4*o - 7*h + 4 = -3*h. Suppose o = -3*k + 8. Suppose 3*g - u = 50 + 44, g = k*u + 33. What is the tens digit of g?
3
Suppose -527*x + 539*x = 24156. What is the units digit of x?
3
Let p = 2169 - 